68/f)/((-4)/6).
2, 23
Suppose 0 = 2*b + 3*b - 10, -b = i - 103. What are the prime factors of i?
101
What are the prime factors of (-6)/(-14) + (-3180)/(-28)?
2, 3, 19
Let f(u) = u**3 + 8*u**2 + u + 10. Let r(p) = -p**3 + p. Let h be r(2). Let q be 8/((-3)/h*-2). What are the prime factors of f(q)?
2
Suppose 0 = -4*u + 5*n - 33, 3*n - 7 = u - 5*u. Let h be (-6)/u*(-6)/18. What are the prime factors of (-2 + 1)/h - -5?
2, 3
Let p = 36 + -21. Let u be ((-4)/(-10))/(1/p). Let m = u - 4. What are the prime factors of m?
2
What are the prime factors of 5/2*(-132)/(-10)?
3, 11
Suppose -3*f - 21 = -6*f. What are the prime factors of 3/f + 520/28?
19
Suppose -92*w + 524 = -90*w. What are the prime factors of w?
2, 131
Let x be 0/(-1 + 0/2). Suppose -4*c + 120 - 24 = x. What are the prime factors of c?
2, 3
Let q(r) = 11*r**2 + 14*r + 48. List the prime factors of q(-5).
11, 23
Suppose 4*j = -5*g - 8 - 4, 5*j + 6 = -4*g. Let w(c) = 6*c + j*c - 6*c - 2. List the prime factors of w(2).
2
Let c be (2 + (-1)/(-2))*2. Suppose -5*f = -c - 20. List the prime factors of f.
5
List the prime factors of (10/(-4))/((-8)/176).
5, 11
Suppose 2*r = -3*i - 14, 5*r + 7 = 2. Let q(t) = -t**3 - 3*t**2 + 4*t + 2. Let b be q(i). Suppose m - 14 + b = 0. What are the prime factors of m?
2, 3
Let t(f) = -f**2 + 7*f - 5. Let s be t(5). Suppose -2*v + 3*k = -12 - 8, k + 63 = s*v. List the prime factors of v.
13
Let a(r) = r**3 + 7*r**2 + 6*r - 6. What are the prime factors of a(-5)?
2, 7
Suppose b = -4*b. Suppose 42 = -b*v + 2*v. List the prime factors of v.
3, 7
Let r(n) = 3*n**3 + n**2. Let g be r(1). What are the prime factors of (-10 + 12/g)/(-1)?
7
Suppose -d = 2*a + d - 16, 3*a - 4*d + 4 = 0. What are the prime factors of a/4 + 8 + 0?
3
Suppose 0 = 6*r + 311 - 755. List the prime factors of r.
2, 37
Suppose 0 = -24*f + 26*f - 134. What are the prime factors of f?
67
Suppose 5*a + 35 = -5*p - 0*a, 2*p - 2 = 2*a. Let b be (-4)/2 + (2 - -6). List the prime factors of (0 - p)*8/b.
2
Let i be (-2)/(-1 + 2/6). Suppose -i*s - 3*x - 3 = x, 4*s = x + 15. Suppose 2*u - 8 = 0, 5*n - u = s*u + 24. What are the prime factors of n?
2
Suppose -115 = -5*k + 5*a, 0 = -5*a + 5 + 10. Suppose 81 = 2*z - 5*i, 3*z + 2*i - k = 86. What are the prime factors of z?
2, 19
Let c(y) = y + 4. Let g = -18 - -13. Let z be c(g). List the prime factors of -30*z*4/10.
2, 3
Let a be (12/8)/(1/14). Let n = 26 - a. List the prime factors of n.
5
Suppose 556 = t + 127. List the prime factors of t.
3, 11, 13
Let s be (3/(-5))/((-5)/225). List the prime factors of s/6*(-6)/(-9).
3
Let k be (-1)/2 - (-1)/2. Let n be -2 + 2 - k/1. Suppose n = -4*s + 3*h + 28, -s - h = -4*s + 21. What are the prime factors of s?
7
Let c(l) = 7*l**2 - 13*l + 6. What are the prime factors of c(-6)?
2, 3, 7
What are the prime factors of (111/(-18) + (-3)/9)*-22?
11, 13
Let d = -7 + 11. Suppose 54 + d = 2*b + 5*m, 91 = 5*b - m. Suppose 5*f + 4 - b = 0. List the prime factors of f.
3
Suppose 5*b + 0*b - 6 = -2*r, 12 = 4*r. Suppose -a = -2*a. Suppose 4*n + b*n - 44 = a. What are the prime factors of n?
11
Let l(w) = -w**3 - 6*w**2 + 7*w + 1. What are the prime factors of l(-8)?
73
Suppose 16 = -4*v - r + 133, 2*v - 4*r - 72 = 0. What are the prime factors of v?
2, 3, 5
Suppose -s + 10 = 4*x, 3*s + 2*s + 22 = 4*x. Suppose -6*u + 3*u + 66 = x*b, 0 = -3*b - 9. What are the prime factors of u?
5
Suppose 0*d + 1 = d. Suppose 3*w - 7 = 4*x, -6 = 5*x - 3*w - d. What are the prime factors of x?
2
Let a = -37 + -53. Let x = a - -151. List the prime factors of x.
61
Let p be -10*((1 - 3) + 1). Suppose 0 = h - 6*h + p. What are the prime factors of (-6)/(-1 + h/(-4))?
2
Let w = 8 - 5. Let j = w - 1. What are the prime factors of -27*(-1)/6*j?
3
Let b = 52 - 27. What are the prime factors of b?
5
Let a = 11 + 51. List the prime factors of a.
2, 31
Let t(s) = 3*s + 9. What are the prime factors of t(6)?
3
Let l(g) = -g**3 - 11*g**2 - 11*g - 1. Let y be l(-10). Suppose -2*a + y = -a. List the prime factors of a.
3
List the prime factors of 166/3 - (-2)/(-6).
5, 11
Let k(h) = -4*h**2 + 3*h. Suppose 2*r + 2*r = 8. Let o be k(r). Let s = 16 + o. List the prime factors of s.
2, 3
Let m = 15 - 10. Suppose m*h - 2*h = 54. What are the prime factors of h?
2, 3
Let s be ((-3)/3)/(1/(-11)). Suppose -s = m - 28. List the prime factors of m.
17
Suppose -4 = -w - w. Let p(a) = -4*a + 2. Let o be p(-2). Suppose 0 = -w*z + o + 2. List the prime factors of z.
2, 3
Let z be 11/((-44)/(-96)) - 1. Suppose -5*l - j + 49 = -0*j, -3*j - z = -2*l. List the prime factors of l.
2, 5
Suppose 25 = -3*z - 4*g, -2*z = z + 3*g + 21. Let i(n) = n**3 + 4*n**2 - 2*n - 2. List the prime factors of i(z).
13
Let l = 358 - 39. What are the prime factors of l?
11, 29
Suppose j - 2*j = 5*x - 177, -3*j + 571 = -5*x. What are the prime factors of j?
11, 17
Let p(k) be the first derivative of k**3/3 - k**2 + 4*k - 2. Let l(x) be the first derivative of p(x). List the prime factors of l(8).
2, 7
Suppose -4*k + 3*y + 1110 = -450, 0 = k - y - 389. What are the prime factors of k?
3, 131
Suppose -2*k + 3*a + 33 = -0*a, -2*k = -a - 23. Suppose -5*s = 2*j - 21, -k = 3*s - 5*j - 3. Suppose -7 = -2*v - s. What are the prime factors of v?
2
Suppose 4*b = -0*b + 8. Suppose b*j - 24 = -j. What are the prime factors of j?
2
Let c be (4/(-2) + 2)*1. Suppose -5*g - 15 = c, 3*g - 11 + 95 = 5*l. List the prime factors of l.
3, 5
Let a = 61 - 6. Suppose -3*k = 2*k - a. What are the prime factors of k?
11
Suppose 0 = -3*l - 4*n - 8, -n - 10 = 4*n. Suppose l = -5*s + 18 + 2. List the prime factors of 1/(s/14)*2.
7
Let o = -2 - -1. Let j(a) = -5 + 0 + 7*a**2 + 12*a**2 + 4. List the prime factors of j(o).
2, 3
Let u = 45 + -11. What are the prime factors of u?
2, 17
Let q = -1 + -1. Let t = 1 - q. What are the prime factors of t?
3
Let k = 28 + -17. Suppose -13*b + 48 = -k*b. List the prime factors of b.
2, 3
Let w(n) = -13*n + 13. List the prime factors of w(-6).
7, 13
Let x(l) = -7*l + 8*l - l**2 + 2*l**2. List the prime factors of x(2).
2, 3
Suppose -2*s - 3*v = -0 - 5, 0 = -5*s + 3*v + 23. Suppose 0 = s*m - 7*m + 60. Suppose 2*x + i - m = -0*x, 4*i = -4*x + 44. List the prime factors of x.
3
Let x(z) = z + 8. Let j(f) be the first derivative of f**2/2 - 2. Let k be j(9). What are the prime factors of x(k)?
17
Let u(v) = -2*v + 1. What are the prime factors of u(-8)?
17
Suppose 0 = 2*t + 2*f - 175 - 49, 2*f = 3*t - 341. List the prime factors of t.
113
Let t(r) = 4*r**2 + 1. Let k be t(1). Suppose z + k*o = -0*o - 5, 2*z - o + 21 = 0. Let y = z + 20. What are the prime factors of y?
2, 5
Suppose 3*h = -2*s + 35, 0 = -2*s - 2*h + 3*h + 47. List the prime factors of s.
2, 11
Let z = -239 + 385. List the prime factors of z.
2, 73
Suppose 3*m + 5 = -w - 5, 0 = 5*m + 3*w + 22. Let h(p) be the first derivative of -p**4/4 + 2*p**3/3 + 3*p**2/2 + p + 1. List the prime factors of h(m).
11
What are the prime factors of 6/4*(-98)/(-7)?
3, 7
Suppose -3*h - 2*o - 22 = h, 20 = -3*h + 2*o. What are the prime factors of -2 - -14 - h/(-2)?
3
Let t(d) = -5*d. Let q be t(2). Let z(y) = 3*y - 6*y - 6 + y. List the prime factors of z(q).
2, 7
Suppose -5*w + 4*r = 6 - 26, -4*w - 5*r + 57 = 0. What are the prime factors of 3*(-2 - -3) + w?
11
Let i(t) = -10*t - 4. What are the prime factors of i(-5)?
2, 23
Suppose 9*a = 2*n + 4*a - 101, 0 = -4*n + 2*a + 210. What are the prime factors of n?
53
What are the prime factors of 5 - 5/((-15)/216)?
7, 11
List the prime factors of (6 + -4)*(-207)/(-6).
3, 23
Let t be (4/(-3))/(2/(-9)). Let y(v) = -v - 1. Let o(l) = 6*l + 1. Let i(g) = o(g) + 4*y(g). What are the prime factors of i(t)?
3
Let t(j) = -10*j - 10. Let o(k) = -2*k - 2. Let c(v) = 28*o(v) - 6*t(v). List the prime factors of c(3).
2
Let y = 36 - 24. Let k be 20/3*y/(-10). List the prime factors of (-4 + k)*(-1 + 0).
2, 3
Let a = 45 - -43. What are the prime factors of a?
2, 11
Suppose 19*d - 892 = 15*d. What are the prime factors of d?
223
Suppose 0 = 3*v + t + 7, 3*t = 3*v - 5 - 4. Let k be v + -1 + 1 - 13. What are the prime factors of (k/8 + 3)*4?
5
Let m(l) be the first derivative of -l**4/4 - 8*l**3/3 - 2*l + 1. Let d be m(-8). List the prime factors of (28/(-1))/d - 0.
2, 7
Let x = 2 + 51. Suppose 5*l = 3*q - q - x, -2